{"id":83,"date":"2023-06-04T10:04:05","date_gmt":"2023-06-04T10:04:05","guid":{"rendered":"https:\/\/onderyildiz.com\/?page_id=83"},"modified":"2024-08-22T10:52:04","modified_gmt":"2024-08-22T13:52:04","slug":"for-turks-abroad","status":"publish","type":"page","link":"https:\/\/onderyildiz.com\/?page_id=83","title":{"rendered":"Yurt d\u0131\u015f\u0131na uzun s\u00fcreli gidecek T\u00fcrkler i\u00e7in \u00f6neriler."},"content":{"rendered":"\n<p>Yurtd\u0131\u015f\u0131nda okula gitmek, \u00e7al\u0131\u015fmak, ya\u015famak gibi  bir nedenle, uzun sure kalacak T\u00fcrk&#8217;ler i\u00e7in T\u00fcrkiye&#8217;den ayr\u0131lmadan yap\u0131lacak\u00a0haz\u0131rl\u0131k rehberi.<br><br>1- Pasaportunuzun t\u00fcm \u00f6nemli sayfalar\u0131n\u0131n fotokopisi yan\u0131n\u0131zda bulunsun, ayr\u0131ca bir cloud uygulamas\u0131na y\u00fckleyin.<br>2- Varsa, eski pasaportlar\u0131n\u0131z\u0131 mutlaka yan\u0131n\u0131za alin.<br>3- Sahip oldu\u011funuz TR sim kart\u0131n\u0131z\u0131n yurt d\u0131\u015f\u0131na a\u00e7\u0131k oldu\u011funu teyit edin, bir yede\u011fini \u00e7\u0131kart\u0131p, yan\u0131n\u0131za alin.\u00a0 (yedek sim kart veriliyor) B\u00f6ylece TR kart\u0131n\u0131z bozulur, telefon kaybolur, \u00e7al\u0131n\u0131r vs olursa TR ile ileti\u015fiminiz devam eder. Bankac\u0131l\u0131k i\u015fleminize devam edebilirsiniz.<br>4A- Yurtd\u0131\u015f\u0131nda SMS almak zaman zaman sorun oluyor, \u00f6zellikle bankac\u0131l\u0131k i\u015flemleri i\u00e7in, bankan\u0131n g\u00f6nderdi\u011fi ak\u0131ll\u0131 SMS gelmeyebiliyor. Bu durumda bankac\u0131l\u0131k i\u015flemi yapamayabilirsiniz. Bankalar\u0131n SMS siz i\u015flem yapmaya izin veren yeni uygulamalar\u0131na sahip olun.<br>4B- Yurtd\u0131\u015f\u0131nda TR cep telefonu paketiniz hic bir ise yaramayaca\u011f\u0131ndan, \u00e7\u0131kmadan once paketinizi en uygun, ekonomik olana ge\u00e7irin. Varsa, kullan\u0131lmayan dk. ve GB lar\u0131n devretti\u011fi bir pakete ge\u00e7in, ki TR\u2019ye d\u00f6n\u00fcnce de kullanacak paketiniz olsun.<br>5- G\u00fcvendi\u011finiz bir Avukata &#8220;genel vekaletname&#8221; verin.<br>6- Kredi kart\u0131n\u0131z\u0131n, banka kart\u0131n\u0131z\u0131n son kullanma tarihi siz yurt d\u0131\u015f\u0131ndayken dolacaksa, ya da kart y\u0131pranm\u0131\u015f ise, \u00e7\u0131kmadan yenileyin.<br>7A- Bankan\u0131z\u0131n, Telefon operat\u00f6r\u00fcn\u00fcz\u00fcn, \u00e7a\u011fr\u0131 merkezlerinin 444 l\u00fc numaralar d\u0131\u015f\u0131ndaki numaralar\u0131n\u0131 \u00f6\u011frenin. Yurt d\u0131\u015f\u0131nda 444\u2032 lu numaralar \u00e7al\u0131\u015fmayabiliyor.<br>7B- Gitti\u011finiz \u00fclkede banka hesabi a\u00e7ma ko\u015fular\u0131n\u0131 \u00f6\u011frenin, gerekli evraklara sahip oldu\u011funuzdan emin olun.<br>8- Yan\u0131n\u0131zda pasaport i\u00e7in kullan\u0131lan biometric foto\u011fraftan birka\u00e7 tane haz\u0131r bulundurun, bu foto\u011fraf\u0131n taranm\u0131\u015f kopyas\u0131n\u0131 bulut uygulaman\u0131za y\u00fckleyin.<br>9- Bilet, vize, Voucher gibi dok\u00fcmanlar\u0131n fotokopisini yan\u0131n\u0131za alin, bir kopyas\u0131n\u0131 bulut uygulamas\u0131na y\u00fckleyin<br>10- e-Devlet (www.turkiye.gov.tr) eri\u015fiminizi aktif tutun.<br>11- S\u00fcrekli kullanmak zorunda oldu\u011funuz ila\u00e7lar\u0131n\u0131z\u0131n gitti\u011finiz \u00fclkedeki e\u015fde\u011ferlerinin ticari isimlerini, re\u00e7eteli re\u00e7etesiz sat\u0131lma durumlar\u0131n\u0131 \u00f6\u011frenin.<br>12- Seyahat sa\u011fl\u0131\u011f\u0131 kliniklerinden birinden gidece\u011finiz \u00fclke i\u00e7in \u00f6zel bir a\u015f\u0131lama gerekip gerekmedi\u011fini bilgisini al\u0131n, gerekirse a\u015f\u0131lan\u0131n.<br>13- Seyahat sa\u011fl\u0131\u011f\u0131 sigortas\u0131 yapt\u0131r\u0131n, nas\u0131l kullan\u0131laca\u011f\u0131n\u0131 \u00f6\u011frenin<br>14- Di\u015f kontrol\u00fc, dolgu vs. eksikleri tamamlay\u0131n, Genel sa\u011fl\u0131k kontrol\u00fc yapt\u0131r\u0131n. A\u015f\u0131 vs. eksiklerinizi tamamlay\u0131n, devaml\u0131 kullan\u0131lan ila\u00e7lar\u0131n\u0131zdan tedarik edin ilave olarak A\u011fr\u0131 kesici, ate\u015f d\u00fc\u015f\u00fcr\u00fcc\u00fc, Antibiyotikli yara kremi, ishal, kusma ila\u00e7lar\u0131n\u0131 yan\u0131n\u0131za al\u0131n.\u00a0<br>15- Yenilememi\u015fseniz, Ehliyetinizi ve TC kimlik kartlar\u0131n\u0131z\u0131 yenileyin.<\/p>\n","protected":false},"excerpt":{"rendered":"<p>Yurtd\u0131\u015f\u0131nda okula gitmek, \u00e7al\u0131\u015fmak, ya\u015famak gibi bir nedenle, uzun sure kalacak T\u00fcrk&#8217;ler i\u00e7in T\u00fcrkiye&#8217;den ayr\u0131lmadan yap\u0131lacak\u00a0haz\u0131rl\u0131k rehberi. 1- Pasaportunuzun t\u00fcm \u00f6nemli sayfalar\u0131n\u0131n fotokopisi yan\u0131n\u0131zda bulunsun, ayr\u0131ca bir cloud uygulamas\u0131na y\u00fckleyin.2- Varsa, eski pasaportlar\u0131n\u0131z\u0131 mutlaka yan\u0131n\u0131za alin.3- Sahip oldu\u011funuz TR sim &hellip; <a href=\"https:\/\/onderyildiz.com\/?page_id=83\">Continue reading <span class=\"meta-nav\">&rarr;<\/span><\/a><\/p>\n","protected":false},"author":1,"featured_media":0,"parent":0,"menu_order":0,"comment_status":"closed","ping_status":"closed","template":"","meta":{"footnotes":""},"class_list":["post-83","page","type-page","status-publish","hentry"],"_links":{"self":[{"href":"https:\/\/onderyildiz.com\/index.php?rest_route=\/wp\/v2\/pages\/83","targetHints":{"allow":["GET"]}}],"collection":[{"href":"https:\/\/onderyildiz.com\/index.php?rest_route=\/wp\/v2\/pages"}],"about":[{"href":"https:\/\/onderyildiz.com\/index.php?rest_route=\/wp\/v2\/types\/page"}],"author":[{"embeddable":true,"href":"https:\/\/onderyildiz.com\/index.php?rest_route=\/wp\/v2\/users\/1"}],"replies":[{"embeddable":true,"href":"https:\/\/onderyildiz.com\/index.php?rest_route=%2Fwp%2Fv2%2Fcomments&post=83"}],"version-history":[{"count":4,"href":"https:\/\/onderyildiz.com\/index.php?rest_route=\/wp\/v2\/pages\/83\/revisions"}],"predecessor-version":[{"id":164,"href":"https:\/\/onderyildiz.com\/index.php?rest_route=\/wp\/v2\/pages\/83\/revisions\/164"}],"wp:attachment":[{"href":"https:\/\/onderyildiz.com\/index.php?rest_route=%2Fwp%2Fv2%2Fmedia&parent=83"}],"curies":[{"name":"wp","href":"https:\/\/api.w.org\/{rel}","templated":true}]}}